{"id":291,"date":"2017-06-13T17:36:02","date_gmt":"2017-06-13T17:36:02","guid":{"rendered":"http:\/\/www.trujillohosting.net\/portal\/?page_id=291"},"modified":"2017-06-13T20:58:35","modified_gmt":"2017-06-13T20:58:35","slug":"preguntas-frecuentes-dominios","status":"publish","type":"page","link":"https:\/\/www.trujillohosting.net\/portal\/preguntas-frecuentes-dominios\/","title":{"rendered":"Preguntas Frecuentes Dominios"},"content":{"rendered":"<p><strong><span style=\"color: #ff6600;\">\u00bfQu\u00e9 es un dominio?<\/span><\/strong><\/p>\n<p>Un dominio es la IDENTIDAD de su empresa en la Internet. Los nombres de dominio son \u00fanicos y son utilizados para identificar su Sitio Web y es tambi\u00e9n el denominador de los correos electr\u00f3nicos corporativos.<\/p>\n<p>As\u00ed por ejemplo: trujillohosting.net es un dominio de Internet. Y los correos info@trujillohosting.net y soporte@trujillohosting.net usan dicho dominio.<\/p>\n<p>Ud. debe considerar registrar el nombre su empresa lo antes posible, ya sea su marca o incluso el nombre de un proyecto o producto, pues cada d\u00eda se registran miles de dominios, no se arriesgue a perder el suyo, consiga su dominio, proteja su marca AHORA!!<\/p>\n<p><strong><span style=\"color: #ff6600;\">\u00bfC\u00f3mo registro mi dominio?<\/span><\/strong><\/p>\n<p>Registrar dominios con TrujilloHosting es muy f\u00e1cil, se trata de 02 pasos sencillos que a continuaci\u00f3n detallamos:<\/p>\n<p><strong>Primero:<\/strong> Escoja el nombre de dominio en nuestro buscador de dominios: esto sirve para ver la disponibilidad del Dominio.<br \/>\n<strong>Segundo<\/strong>: Escoja una de nuestras m\u00faltiples formas de pago, realice el pago correspondiente y listo su dominio ser\u00e1 activado.<\/p>\n<p><strong><span style=\"color: #ff6600;\">\u00bfEn que formas puedo pagar mi dominio?<\/span><\/strong><\/p>\n<p><strong>Transferencia bancaria y dep\u00f3sito bancario:<\/strong>\u00a0Ud. Puede pagar sus servicios con TrujilloHosting en el Banco de Cr\u00e9dito del Per\u00fa a la cuenta de ahorros en SOLES 570-27347592-0-83 perteneciente a Yosip Urquizo G\u00f3mez Representante de TrujilloHosting.<\/p>\n<p>&nbsp;<\/p>\n<p><strong><span style=\"color: #ff6600;\">Tengo registrado mi dominio con otro proveedor. \u00bfEs factible cambiarme a TrujilloHosting para que sea mi Registrante?<\/span><\/strong><\/p>\n<p>Si es factible. Se requiere que el dominio no est\u00e9 vencido.<\/p>\n<p>Al pasar su dominio con TrujilloHosting obtendr\u00e1 la seguridad de que Ud. es el \u00fanico propietario del dominio y un panel de f\u00e1cil manejo para su uso.<\/p>\n<p>Si desea mayor informaci\u00f3n sobre como transferir su dominio escr\u00edbanos al e-mail: info@trujillohosting.net e ind\u00edquenos el nombre del dominio que desea transferir con nosotros, estamos dispuestos a apoyarlo.<\/p>\n<p><strong><span style=\"color: #ff6600;\">\u00bfLos dominios se renuevan o son para siempre?<\/span><\/strong><\/p>\n<p>Los dominios se renuevan anualmente, nosotros le avisamos con bastante anticipaci\u00f3n (60 d\u00edas antes del vencimiento)\u00a0 para que pueda renovarlo con tranquilidad. Tambi\u00e9n puede registrar un dominio por varios a\u00f1os para su mayor seguridad.<\/p>\n<p><strong><span style=\"color: #ff6600;\">\u00bfPuedo redirigir mi dominio hacia una p\u00e1gina que ya tengo actualmente?<\/span><\/strong><\/p>\n<p>Si, los dominios que le proporciona TrujilloHosting pueden ser Redireccionados, Ud. puede manejar las DNS, activar la protecci\u00f3n de datos y muchas funciones adicionales en un panel sencillo de manejar.<\/p>\n<p><strong><span style=\"color: #ff6600;\">\u00bfQuien ser\u00e1 el propietario del dominio?<\/span><\/strong><\/p>\n<p>En todos los casos Usted y solo Usted ser\u00e1 el propietario absoluto de su dominio y es Ud. quien tiene el control del dominio en todo momento.<\/p>\n<p><strong><span style=\"color: #ff6600;\">\u00bfPuedo registrar mi dominio sin tener un sitio web?<\/span><\/strong><\/p>\n<p>Efectivamente, Ud. puede separar su dominio y utilizarlo posteriormente para incluir un sitio web. Recuerde que separar su dominio puede ser de mucha ayuda para proteger su marca o el nombre de su empresa.<\/p>\n<p><strong><span style=\"color: #ff6600;\">Ya registre mi dominio. Ahora \u00bfDonde contrato el Alojamiento Web?<\/span><\/strong><\/p>\n<p>Revise nuestros planes de <a href=\"http:\/\/www.trujillohosting.net\/portal\/hosting\/\">Hosting<\/a>, tenemos buenas ofertas y con la calidad de servicio garantizada.<\/p>\n<p><strong><span style=\"color: #ff6600;\">No encuentro mi dominio .com disponible \u00bfQu\u00e9 puedo hacer?<\/span><\/strong><\/p>\n<p>La enorme demanda de dominios .com ha minimizado las posibilidades de obtener un buen dominio .com, pero puede registrar otros dominios como .net, .org, .info ,etc.<\/p>\n<p><strong><span style=\"color: #ff6600;\">Tengo separado un buen dominio \u00bfPuedo Revenderlo?<\/span><\/strong><\/p>\n<p>En efecto hay un mercado de dominios, personas y empresas que se dedican a la reventa de dominios, Si Ud. desea revender un dominio puede revisar el enlace de <a href=\"http:\/\/www.sedo.com\/\">SEDO<\/a>.<\/p>\n<p><strong><span style=\"color: #ff6600;\">Estoy Interesado en ser proveedor de dominios. \u00bfC\u00f3mo puedo vender dominios?<\/span><\/strong><\/p>\n<p>Mediante un pago anticipado, que le servir\u00e1 como cr\u00e9dito para poder registrar dominios a precios muy bajos y en el momento que ud. lo requiera.<\/p>\n<p><strong>Ventajas T\u00e9cnicas<\/strong>:<\/p>\n<p>\u2013 Podr\u00e1 registrar dominios en tiempo real (en el momento que ud. lo desee) y\u00a0desde cualquier lugar del mundo.<\/p>\n<p>\u2013 Panel Administrativo en Espa\u00f1ol con:<\/p>\n<p>Registro y manejo de clientes.<br \/>\nConfiguraci\u00f3n de precios de dominios (ud. pone los precios para sus clientes)<br \/>\nPuede incluir su logotipo y personalizar la URL (utilice su propia marca)<br \/>\nPuede integrar pasarelas de pagos en linea como 2co, paypal, etc.<br \/>\n\u2013 Panel de manejo de dominio para cada uno de sus clientes.<\/p>\n<p>\u2013 Multi buscador de dominios con las principales extensiones (.com, .net, .org, .biz, .info, .co, .tv, .ws, etc.)<\/p>\n<p>\u2013 Soporte en Espa\u00f1ol.<\/p>\n<p>\u2013 Cientos de nuevas extensiones (.CLUB, .RED, .MARKETING, .TIENDA, etc)<\/p>\n<p>Para mas informaci\u00f3n escr\u00edbanos a informes@trujillohosting.net.<\/p>\n<p><strong><span style=\"color: #ff6600;\">\u00bfC\u00f3mo registro el dominio\u00a0.COM.PE?<\/span><\/strong><\/p>\n<p>Los dominios .PE (.pe, .com.pe, .net.pe, .org.pe, gob.pe, edu.pe) solamente pueden ser registrados con la Red Cient\u00edfica Peruana.<br \/>\nSi desea que nosotros realicemos todo el tramite para registrar un dominio .PE escribanos al correo info@trujillohosting.net<\/p>\n<p><span style=\"color: #ff6600;\">\u00bfQui\u00e9n se encarga de regular los Dominio en la Internet?<\/span><\/p>\n<p>La entidad encargada es la ICANN (Internet Corporation for Assigned Names and Numbers) o Corporaci\u00f3n de Internet para la Asignaci\u00f3n de Nombres y N\u00fameros. M\u00e1s informaci\u00f3n sobre la <a href=\"http:\/\/www.icann.org\/tr\/spanish.html\">ICANN aqu\u00ed<\/a>.<\/p>\n<!-- AddThis Advanced Settings generic via filter on the_content --><!-- AddThis Share Buttons generic via filter on the_content -->","protected":false},"excerpt":{"rendered":"<p>\u00bfQu\u00e9 es un dominio? Un dominio es la IDENTIDAD de su empresa en la Internet. Los nombres de dominio son \u00fanicos y son utilizados para identificar su Sitio Web y es tambi\u00e9n el denominador de los correos electr\u00f3nicos corporativos. As\u00ed por ejemplo: trujillohosting.net es un dominio de Internet. Y los correos info@trujillohosting.net y soporte@trujillohosting.net usan<a class=\"moretag\" href=\"https:\/\/www.trujillohosting.net\/portal\/preguntas-frecuentes-dominios\/\"><span class=\"screen-reader-text\">Leer m\u00e1s sobre Preguntas Frecuentes Dominios<\/span>[&#8230;]<\/a><!-- AddThis Advanced Settings generic via filter on wp_trim_excerpt --><!-- AddThis Share Buttons generic via filter on wp_trim_excerpt --><\/p>\n","protected":false},"author":1,"featured_media":0,"parent":0,"menu_order":0,"comment_status":"closed","ping_status":"closed","template":"","meta":{"footnotes":""},"class_list":["post-291","page","type-page","status-publish","hentry"],"_links":{"self":[{"href":"https:\/\/www.trujillohosting.net\/portal\/wp-json\/wp\/v2\/pages\/291","targetHints":{"allow":["GET"]}}],"collection":[{"href":"https:\/\/www.trujillohosting.net\/portal\/wp-json\/wp\/v2\/pages"}],"about":[{"href":"https:\/\/www.trujillohosting.net\/portal\/wp-json\/wp\/v2\/types\/page"}],"author":[{"embeddable":true,"href":"https:\/\/www.trujillohosting.net\/portal\/wp-json\/wp\/v2\/users\/1"}],"replies":[{"embeddable":true,"href":"https:\/\/www.trujillohosting.net\/portal\/wp-json\/wp\/v2\/comments?post=291"}],"version-history":[{"count":3,"href":"https:\/\/www.trujillohosting.net\/portal\/wp-json\/wp\/v2\/pages\/291\/revisions"}],"predecessor-version":[{"id":299,"href":"https:\/\/www.trujillohosting.net\/portal\/wp-json\/wp\/v2\/pages\/291\/revisions\/299"}],"wp:attachment":[{"href":"https:\/\/www.trujillohosting.net\/portal\/wp-json\/wp\/v2\/media?parent=291"}],"curies":[{"name":"wp","href":"https:\/\/api.w.org\/{rel}","templated":true}]}}