{"id":146,"date":"2017-06-12T07:28:42","date_gmt":"2017-06-12T07:28:42","guid":{"rendered":"http:\/\/www.trujillohosting.net\/portal\/?page_id=146"},"modified":"2017-06-13T15:48:29","modified_gmt":"2017-06-13T15:48:29","slug":"vps","status":"publish","type":"page","link":"https:\/\/www.trujillohosting.net\/portal\/vps\/","title":{"rendered":"VPS"},"content":{"rendered":"<p><strong>Servidores Virtuales Privados<\/strong><\/p>\n<p>La diferencia b\u00e1sica entre un VPS y un hosting compartido es la garant\u00eda en el uso de recursos, cada VPS tiene su propio sistema operativo, una cantidad de memoria fija asignada y una o varias direcci\u00f3n ips propias. Los VPS comparten el hardware del servidor pero tienen asignados recursos espec\u00edficos que no afectan el funcionamiento de otros VPS en el mismo servidor.<\/p>\n<p>Nuestros servidores VPS son ideales para quienes ya excedieron los recursos asignados a su cuenta de hosting o plan reseller. Si Ud. tiene una empresa de hosting o desea formar una, en un VPS podr\u00e1 vender no solo cuentas de hosting est\u00e1ndar, tambi\u00e9n podr\u00e1 ofrecen planes reseller.<\/p>\n<p>Todos nuestros servidores VPS son administrados por nosotros y tienen la posibilidad de instalar CPanel Y WHM, bajo distribuciones de linux estandar (Centos, Debian, Ubuntu).<\/p>\n<p><strong>Ventajas de nuestros servicios<\/strong><\/p>\n<ul>\n<li><span style=\"color: #ff6600;\"><strong>Flexibilidad<br \/>\n<\/strong><\/span>Si necesita configuraciones especiales instalar algunas librer\u00edas o accesos personalizados a bases de datos un VPS es la mejor soluci\u00f3n.<\/li>\n<li><strong><span style=\"color: #ff6600;\">30 d\u00edas de Garant\u00eda<br \/>\n<\/span><\/strong>Si en 30 d\u00edas no esta satisfecho con la calidad de nuestro servicio le devolvemos su dinero.<\/li>\n<li><span style=\"color: #ff6600;\"><strong>Perfomance<br \/>\n<\/strong><\/span>Un VPS tiene recursos Fijos asignados, tiene determinada cantidad de Memoria, espacio en Disco y CPU.<\/li>\n<li><strong><span style=\"color: #ff6600;\">Soporte Profesional<br \/>\n<\/span><\/strong>Nuestro equipo t\u00e9cnico le ayudar\u00e1 y asesorara r\u00e1pida y eficazmente ante cualquier consulta que tenga.<\/li>\n<li><strong><span style=\"color: #ff6600;\">Seguridad y Backups<br \/>\n<\/span><\/strong>Contamos con sistemas de monitoreo de servidores y realizamos backups interdiarios de todas las cuentas.<\/li>\n<li><strong><span style=\"color: #ff6600;\">Control<br \/>\n<\/span><\/strong>En Un VPS tiene el control total del procesos, los procesos no son compartidos con otros usuarios y puede administrar su propio Firewall<\/li>\n<li><strong><span style=\"color: #ff6600;\">Experiencia Garantizada<br \/>\n<\/span><\/strong>Contamos con mas de 10 a\u00f1os de experiencia en hosting y administraci\u00f3n de servidores.<\/li>\n<\/ul>\n<p>Puedes elegir cualquiera de nuestros planes mostrados acontinuaci\u00f3n.<\/p>\n<table border=\"1\" width=\"100%\" cellspacing=\"5\" cellpadding=\"5\" bgcolor=\"#999999\" align=\"center\">\n<tbody>\n<tr align=\"center\">\n<td><a href=\"http:\/\/www.trujillohosting.net\/portal\/producto\/vps-negocio-01\/\" title=\"Comprar Plan\">VPS Negocio 01<\/a><\/td>\n<td><a href=\"http:\/\/www.trujillohosting.net\/portal\/producto\/vps-negocio-02\/\" title=\"Comprar Plan\">VPS Negocio 02<\/a><\/td>\n<td><a href=\"http:\/\/www.trujillohosting.net\/portal\/producto\/vps-negocio-03\/\" title=\"Comprar Plan\">VPS Negocio 03<\/a><\/td>\n<\/tr>\n<\/tbody>\n<\/table>\n<!-- AddThis Advanced Settings generic via filter on the_content --><!-- AddThis Share Buttons generic via filter on the_content -->","protected":false},"excerpt":{"rendered":"<p>Servidores Virtuales Privados La diferencia b\u00e1sica entre un VPS y un hosting compartido es la garant\u00eda en el uso de recursos, cada VPS tiene su propio sistema operativo, una cantidad de memoria fija asignada y una o varias direcci\u00f3n ips propias. Los VPS comparten el hardware del servidor pero tienen asignados recursos espec\u00edficos que no<a class=\"moretag\" href=\"https:\/\/www.trujillohosting.net\/portal\/vps\/\"><span class=\"screen-reader-text\">Leer m\u00e1s sobre VPS<\/span>[&#8230;]<\/a><!-- AddThis Advanced Settings generic via filter on wp_trim_excerpt --><!-- AddThis Share Buttons generic via filter on wp_trim_excerpt --><\/p>\n","protected":false},"author":1,"featured_media":0,"parent":0,"menu_order":0,"comment_status":"closed","ping_status":"closed","template":"","meta":{"footnotes":""},"class_list":["post-146","page","type-page","status-publish","hentry"],"_links":{"self":[{"href":"https:\/\/www.trujillohosting.net\/portal\/wp-json\/wp\/v2\/pages\/146","targetHints":{"allow":["GET"]}}],"collection":[{"href":"https:\/\/www.trujillohosting.net\/portal\/wp-json\/wp\/v2\/pages"}],"about":[{"href":"https:\/\/www.trujillohosting.net\/portal\/wp-json\/wp\/v2\/types\/page"}],"author":[{"embeddable":true,"href":"https:\/\/www.trujillohosting.net\/portal\/wp-json\/wp\/v2\/users\/1"}],"replies":[{"embeddable":true,"href":"https:\/\/www.trujillohosting.net\/portal\/wp-json\/wp\/v2\/comments?post=146"}],"version-history":[{"count":13,"href":"https:\/\/www.trujillohosting.net\/portal\/wp-json\/wp\/v2\/pages\/146\/revisions"}],"predecessor-version":[{"id":263,"href":"https:\/\/www.trujillohosting.net\/portal\/wp-json\/wp\/v2\/pages\/146\/revisions\/263"}],"wp:attachment":[{"href":"https:\/\/www.trujillohosting.net\/portal\/wp-json\/wp\/v2\/media?parent=146"}],"curies":[{"name":"wp","href":"https:\/\/api.w.org\/{rel}","templated":true}]}}